
-2416946 (base 11) to base 14
-7b8924
What is -396e2 (base 15) in base 11?
-116112
What is -111110524 (base 6) in base 11?
-1157291
What is -3339a (base 11) in base 3?
-2110101011
1012296 (base 10) to base 2
11110111001001001000
Convert -2a789 (base 13) to base 8.
-235004
1a926a3 (base 12) to base 8
25471133
What is 47295 (base 11) in base 16?
10a83
What is -1154333 (base 8) in base 14?
-83a9d
12b52 (base 16) to base 14
1dcd4
Convert 102215152 (base 7) to base 8.
27020633
Convert 10010110001000011 (base 2) to base 10.
76867
What is -230e74 (base 15) in base 6?
-55513244
-4711462 (base 9) to base 16
-26dc59
Convert 4442a (base 16) to base 6.
5554230
What is -20717521 (base 8) in base 16?
-439f51
What is 21021200002122 (base 3) in base 15?
516eab
Convert 6137c (base 14) to base 3.
102212220101
What is -11302120122 (base 4) in base 16?
-17261a
10021414 (base 10) to base 2
100110001110101000100110
-1162a7 (base 11) to base 6
-3540005
What is 1100110110011010111 (base 2) in base 3?
210101121112
Convert -10d418 (base 14) to base 4.
-2030031132
What is -106145220 (base 7) in base 14?
-c125b7
5213b2 (base 12) to base 5
312203201
Convert -bbc5d (base 15) to base 14.
-1176ba
Convert -2112020020 (base 3) to base 11.
-34409
17a734 (base 13) to base 4
2101013300
Convert -2545347 (base 8) to base 14.
-145a99
-a682 (base 12) to base 4
-10131002
Convert 145437 (base 10) to base 9.
241446
What is 286149 (base 11) in base 16?
6d39e
Convert -230110203231 (base 4) to base 12.
-3a83839
What is -180539 (base 11) in base 4?
-1010010222
What is -1721b (base 15) in base 11?
-51163
What is -1529e (base 15) in base 12?
-334ab
-131321415 (base 7) to base 8
-40047425
989052 (base 11) to base 4
12001121333
What is 2d9ffe (base 16) in base 4?
23121333332
What is -222182 (base 9) in base 2?
-100000011011100001
422521021 (base 6) to base 16
711e65
What is -c287c7 (base 15) in base 5?
-4331230022
What is 17540401 (base 8) in base 7?
46646131
Convert -1001100011000100100 (base 2) to base 10.
-312868
What is 14022 (base 16) in base 14?
21c1c
7802db (base 16) to base 8
36001333
Convert -1518556 (base 14) to base 3.
-201100021121201
What is -b0104 (base 14) in base 2?
-1100111001101111000
Convert 144136356 (base 7) to base 15.
c8b550
Convert -7b834 (base 12) to base 8.
-502750
Convert -11110311 (base 5) to base 12.
-48579
What is 22203020322 (base 4) in base 5?
1201442440
-48220 (base 11) to base 16
-10f64
-3210116 (base 7) to base 13
-1080bc
Convert -6554510 (base 7) to base 3.
-1111211021102
What is -12021121100 (base 3) in base 15?
-20c09
-101100111101110011101 (base 2) to base 6
-51325245
What is 10314855 (base 9) in base 12?
17b83ab
What is 5bd6ab (base 14) in base 3?
12220222012100
Convert -1321204233 (base 5) to base 2.
-1100100110100100001101
What is 40632130 (base 7) in base 3?
20101220000001
What is 2600010 (base 9) in base 5?
330322220
What is 1a1013 (base 11) in base 2?
1001011011001000110
-6449d (base 14) to base 5
-30224040
What is -228953 (base 10) in base 7?
-1642334
2122101000 (base 4) to base 9
1162680
4011264 (base 8) to base 3
1222111221111
-178346 (base 12) to base 13
-113ac3
Convert -320 (base 9) to base 2.
-100000101
-1618063 (base 10) to base 7
-16516246
-4a7721 (base 11) to base 7
-6543461
-11221121121 (base 3) to base 9
-157547
5399850 (base 11) to base 7
143425121
What is -644580 (base 12) in base 14?
-2d31cc
What is 3757035 (base 9) in base 16?
1f36a6
10000001101000111111001 (base 2) to base 8
20150771
Convert 2848ab (base 12) to base 6.
22221535
-575414 (base 10) to base 5
-121403124
Convert 6856 (base 9) to base 10.
5073
Convert 342a92a (base 11) to base 6.
332353452
What is -1754983 (base 10) in base 5?
-422124413
Convert -16074573 (base 8) to base 15.
-4d1960
Convert -2e2d4 (base 16) to base 13.
-68123
Convert 116741 (base 13) to base 16.
65240
1222010242 (base 5) to base 4
23021201030
505244 (base 9) to base 10
299092
-11221012110 (base 3) to base 4
-113231100
-232023 (base 5) to base 2
-10000011000100
-20210211012 (base 3) to base 9
-223735
-201220021012 (base 3) to base 11
-2482a1
What is -29965 (base 13) in base 16?
-132a3
What is 1758961 (base 10) in base 14?
33b041
-12824 (base 11) to base 12
-a709
Convert -5220626 (base 7) to base 12.
-2629bb
What is -9cda2 (base 15) in base 14?
-cdcd4
What is -22320222 (base 4) in base 9?
-67140
What is 1211201022 (base 4) in base 13?
117360
100123320 (base 5) to base 9
662420
-ad9952 (base 14) to base 10
-5904180
-37429 (base 12) to base 13
-28137
3b6a5 (base 12) to base 5
10112310
What is -14c254 (base 16) in base 7?
-14364244
What is 2212001101011 (base 3) in base 14?
2b69a2
What is cd65e (base 16) in base 7?
10102541
55ccda (base 14) to base 8
13100500
What is -1000120201 (base 3) in base 6?
-233031
Convert -14038 (base 11) to base 3.
-1000102222
Convert -66a8711 (base 11) to base 6.
-1055530433
-150432023 (base 7) to base 12
-3402642
-44602 (base 13) to base 15
-26b4d
Convert 24706 (base 10) to base 16.
6082
-97508 (base 12) to base 16
-30b18
Convert -3154680 (base 9) to base 7.
-20235045
Convert 85ab9 (base 12) to base 2.
101010111111101101
Convert -1000011001111011 (base 2) to base 16.
-867b
Convert 378414 (base 13) to base 9.
2450233
-165099 (base 10) to base 16
-284eb
What is 1c456 (base 15) in base 4?
112133022
11000010001011011010 (base 2) to base 16
c22da
What is -128789 (base 10) in base 5?
-13110124
Convert -12202221202 (base 3) to base 15.
-23a45
Convert 3123010320 (base 4) to base 6.
31122200
Convert -12380680 (base 9) to base 12.
-2050290
1110111000110000 (base 2) to base 4
32320300
Convert -162505 (base 7) to base 11.
-22177
What is 704db (base 16) in base 15?
91465
1817a (base 15) to base 12
39151
Convert -15271 (base 14) to base 15.
-108d7
10101111001110010 (base 2) to base 6
1531202
What is -20101022021 (base 3) in base 5?
-13004421
Convert -17240 (base 16) to base 11.
-65238
What is -81a51 (base 16) in base 8?
-2015121
Convert -215305120 (base 6) to base 10.
-3896904
-15e1c2 (base 16) to base 8
-5360702
What is -2664145 (base 7) in base 14?
-923cc
97b0b1 (base 15) to base 11
4096039
Convert 30101000 (base 5) to base 10.
237625
What is 821510 (base 9) in base 7?
4064553
-50232504 (base 6) to base 16
-15a9d8
Convert -1b13b (base 15) to base 4.
-111133133
What is -1110011000010100100 (base 2) in base 3?
-212221101000
255250324 (base 6) to base 9
10382347
-827b0 (base 13) to base 6
-5004144
-103232012 (base 4) to base 10
-80774
What is 10021301221 (base 4) in base 10?
1088617
Convert a3217 (base 14) to base 2.
1011111111001100101
66a43 (base 15) to base 4
1033222221
-6c0c7c (base 16) to base 14
-d247da
Convert -7016 (base 16) to base 2.
-111000000010110
33704 (base 15) to base 10
163579
What is -5b275a (base 13) in base 16?
-213520
Convert -100001100010000000010000 (base 2) to base 12.
-2b3a9a8
-1a4470 (base 12) to base 15
-92629
-3611c (base 13) to base 15
-1e53e
62006 (base 11) to base 6
1535014
Convert 21525424 (base 6) to base 11.
403869
Convert 168a04b (base 12) to base 7.
54425300
-2a016 (base 11) to base 13
-16518
What is -5131 (base 7) in base 5?
-24121
What is -59444 (base 11) in base 9?
-140520
Convert 102210001221101 (base 3) to base 4.
113320132000
Convert -51809 (base 11) to base 2.
-10010011011111001
63b1d (base 14) to base 15
4b5ab
Convert -177253 (base 9) to base 6.
-2210333
What is -7461057 (base 9) in base 10?
-3996430
Convert 2405602 (base 11) to base 15.
57cd24
-2200011112 (base 3) to base 6
-1043322
-10010101101100110110 (base 2) to base 13
-186133
5000b (base 14) to base 9
322444
Convert aac579 (base 13) to base 9.
7515375
What is -3231405 (base 6) in base 2?
-100111000000011101
Convert -43323 (base 15) to base 7.
-1545651
1032441234 (base 5) to base 3
11012111101200
Convert -500231 (base 7) to base 5.
-10143110
2913220 (base 12) to base 16
7db278
Convert 10c57 (base 16) to base 7.
404164
-1672135 (base 8) to base 3
-220211011010
10010011111110001010011 (base 2) to base 10
4848723
Convert 4365026 (base 7) to base 4.
2003021012
Convert -1000211221221 (base 3) to base 8.
-2056523
What is -55045244 (base 7) in base 14?
-8ab25b
What is 63511046 (base 7) in base 11?
3045925
Convert -10102130330 (base 4) to base 14.
-21396c
Convert 250520 (base 8) to base 4.
111011100
